by 1595.
1593
Calculate the remainder when 140352 is divided by 69254.
1844
Calculate the remainder when 3901871 is divided by 312.
311
Calculate the remainder when 13447684 is divided by 21.
19
Calculate the remainder when 20787483 is divided by 10170.
3
Calculate the remainder when 8549212 is divided by 115.
112
What is the remainder when 68789 is divided by 1911?
1904
Calculate the remainder when 124326 is divided by 1281.
69
Calculate the remainder when 187434373 is divided by 743.
735
Calculate the remainder when 98784 is divided by 2285.
529
What is the remainder when 1088186 is divided by 970?
816
Calculate the remainder when 143146 is divided by 132.
58
Calculate the remainder when 8727523 is divided by 102676.
63
Calculate the remainder when 693302 is divided by 2567.
212
What is the remainder when 4989706 is divided by 429?
7
What is the remainder when 9492 is divided by 304?
68
Calculate the remainder when 2424444 is divided by 3835.
724
What is the remainder when 121729136 is divided by 291218?
12
What is the remainder when 324060597 is divided by 1733?
1728
Calculate the remainder when 41416462 is divided by 79.
1
What is the remainder when 179589029 is divided by 1285?
1284
Calculate the remainder when 257670 is divided by 19817.
49
What is the remainder when 377304 is divided by 188640?
24
Calculate the remainder when 88672081 is divided by 3760.
1
Calculate the remainder when 746371 is divided by 182.
171
What is the remainder when 6795677 is divided by 59?
57
Calculate the remainder when 1089202 is divided by 1089194.
8
Calculate the remainder when 766857 is divided by 127807.
15
What is the remainder when 3678254 is divided by 497?
454
What is the remainder when 2228518022 is divided by 25?
22
Calculate the remainder when 18757627 is divided by 125.
2
Calculate the remainder when 54180 is divided by 53575.
605
Calculate the remainder when 1348715 is divided by 6710.
5
Calculate the remainder when 4578495 is divided by 295.
95
Calculate the remainder when 2987843 is divided by 476.
467
What is the remainder when 1057675 is divided by 1216?
971
What is the remainder when 9394 is divided by 6685?
2709
What is the remainder when 4454441 is divided by 61?
38
Calculate the remainder when 18258690 is divided by 231.
219
What is the remainder when 24510 is divided by 82?
74
What is the remainder when 180707 is divided by 85?
82
What is the remainder when 2354452 is divided by 160?
52
Calculate the remainder when 1001222 is divided by 17.
7
What is the remainder when 10895 is divided by 4295?
2305
What is the remainder when 282088 is divided by 141033?
22
Calculate the remainder when 212803 is divided by 70920.
43
What is the remainder when 423062971 is divided by 168?
163
What is the remainder when 4276293 is divided by 1425342?
267
Calculate the remainder when 421636 is divided by 58.
34
Calculate the remainder when 145583 is divided by 36380.
63
What is the remainder when 165941 is divided by 165496?
445
What is the remainder when 852268 is divided by 589?
574
Calculate the remainder when 1038618596 is divided by 6938.
6934
What is the remainder when 2572208 is divided by 5134?
74
What is the remainder when 59291 is divided by 644?
43
What is the remainder when 121879 is divided by 848?
615
What is the remainder when 3747317 is divided by 208?
197
Calculate the remainder when 25020 is divided by 3744.
2556
What is the remainder when 4315461 is divided by 27487?
2
Calculate the remainder when 1968014 is divided by 983986.
42
What is the remainder when 26262563 is divided by 59?
11
Calculate the remainder when 73660152 is divided by 2574.
2568
What is the remainder when 676899 is divided by 169222?
11
What is the remainder when 23858272 is divided by 33?
31
Calculate the remainder when 555887 is divided by 277910.
67
What is the remainder when 699614 is divided by 2166?
2162
Calculate the remainder when 2750505 is divided by 6580.
65
Calculate the remainder when 6483025 is divided by 6482981.
44
What is the remainder when 36418686 is divided by 3962?
3944
Calculate the remainder when 3590367 is divided by 3590232.
135
What is the remainder when 34446971 is divided by 2361?
2342
What is the remainder when 1438138 is divided by 19337?
7200
What is the remainder when 4128706 is divided by 119?
1
Calculate the remainder when 79729 is divided by 256.
113
Calculate the remainder when 26999514 is divided by 18987.
0
Calculate the remainder when 23716457 is divided by 139.
138
What is the remainder when 1048948 is divided by 26896?
4
Calculate the remainder when 2541379 is divided by 423408.
931
Calculate the remainder when 4242054 is divided by 319.
311
What is the remainder when 141644 is divided by 139?
3
What is the remainder when 3167548 is divided by 64?
60
Calculate the remainder when 65296 is divided by 15489.
3340
Calculate the remainder when 5661602 is divided by 1886902.
896
What is the remainder when 6953889 is divided by 65?
59
What is the remainder when 928340 is divided by 5?
0
What is the remainder when 4839034 is divided by 127342?
38
What is the remainder when 1437992 is divided by 3577?
38
Calculate the remainder when 1038339 is divided by 519147.
45
Calculate the remainder when 389071 is divided by 35362.
89
Calculate the remainder when 107638 is divided by 3858.
3472
What is the remainder when 8514 is divided by 1409?
60
What is the remainder when 30429 is divided by 9389?
2262
Calculate the remainder when 25594362 is divided by 30111.
12
What is the remainder when 341347 is divided by 8123?
181
What is the remainder when 1825888 is divided by 2965?
2413
What is the remainder when 504604 is divided by 2068?
12
What is the remainder when 249845429 is divided by 761?
758
Calculate the remainder when 27888358 is divided by 324.
58
What is the remainder when 125920 is divided by 1175?
195
What is the remainder when 3192053 is divided by 642?
29
What is the remainder when 634729 is divided by 1889?
25
Calculate the remainder when 216109 is divided by 1385.
49
What is the remainder when 374027 is divided by 3816?
59
Calculate the remainder when 1435673 is divided by 2745.
38
What is the remainder when 222750 is divided by 6359?
185
What is the remainder when 9687 is divided by 2409?
51
Calculate the remainder when 3055883 is divided by 90.
23
Calculate the remainder when 789747 is divided by 263005.
732
What is the remainder when 306887 is divided by 16151?
18
Calculate the remainder when 860396 is divided by 2228.
388
Calculate the remainder when 30127 is divided by 7471.
243
Calculate the remainder when 580149 is divided by 161.
66
What is the remainder when 1353319 is divided by 7964?
7403
What is the remainder when 628785 is divided by 157133?
253
Calculate the remainder when 421745 is divided by 6389.
71
What is the remainder when 729409388 is divided by 12?
8
What is the remainder when 1364112 is divided by 4820?
52
Calculate the remainder when 893753 is divided by 6294.
5
What is the remainder when 93630 is divided by 13124?
1762
Calculate the remainder when 1562835 is divided by 520930.
45
Calculate the remainder when 104117417 is divided by 1314.
1313
What is the remainder when 36206521 is divided by 439?
435
Calculate the remainder when 767861780 is divided by 6773.
6770
What is the remainder when 971712 is divided by 246?
12
What is the remainder when 45964 is divided by 97?
83
Calculate the remainder when 671781 is divided by 3231.
2964
What is the remainder when 8527307 is divided by 33?
8
Calculate the remainder when 4477322 is divided by 8831.
5
Calculate the remainder when 130613 is divided by 31949.
2817
What is the remainder when 6896732 is divided by 2298697?
641
What is the remainder when 19101511 is divided by 90?
1
Calculate the remainder when 979835 is divided by 2156.
1011
Calculate the remainder when 96464 is divided by 21333.
11132
Calculate the remainder when 51324 is divided by 1252.
1244
Calculate the remainder when 16501650 is divided by 970682.
56
What is the remainder when 174372839 is divided by 16?
7
Calculate the remainder when 2105915 is divided by 1123.
290
What is the remainder when 26277 is divided by 1212?
825
Calculate the remainder when 23520012 is divided by 3015.
3012
Calculate 